{"id":54037,"date":"2018-10-10T13:52:05","date_gmt":"2018-10-10T11:52:05","guid":{"rendered":"https:\/\/www.laumans.de\/?page_id=54037"},"modified":"2021-04-22T12:47:50","modified_gmt":"2021-04-22T10:47:50","slug":"dachkult","status":"publish","type":"page","link":"https:\/\/www.laumans.de\/de\/dachkult\/","title":{"rendered":"Dachkult"},"content":{"rendered":"<p>[vc_row type=&#8221;1&#8243; margin_top=&#8221;-35px&#8221; bg_color=&#8221;#ffffff&#8221; css=&#8221;.vc_custom_1557490604470{background-color: #a7a7a5 !important;}&#8221;][vc_column css=&#8221;.vc_custom_1539174678883{background-color: #ffffff !important;}&#8221;][vc_column_text]<\/p>\n<h1>Sch\u00f6n steil: Dachkult \u2013 die Initiative pro Steildach<\/h1>\n<p>[\/vc_column_text][vc_empty_space height=&#8221;20px&#8221;][vc_column_text]Dachkult ist eine Plattform der Initiative Pro Steildach. In der Initiative arbeiten 17 f\u00fchrende Hersteller der deutschen und internationalen Baustoffindustrie (Mittelstand und Konzerne) zusammen mit einem gemeinsamen Interesse f\u00fcr Handwerk und Handel im Bedachungsmarkt. Die Initiative richtet sich an Planer und Architekten, professionelle Bauherren wie Bautr\u00e4ger und Fertighaushersteller, private Bauherren und Kommunen sowie Hochschulen und Universit\u00e4ten mit der Fachrichtung Architektur und Bauingenieurswesen.[\/vc_column_text][vc_empty_space height=&#8221;30px&#8221;][vc_single_image image=&#8221;54058&#8243; img_size=&#8221;full&#8221; onclick=&#8221;custom_link&#8221; img_link_target=&#8221;_blank&#8221; link=&#8221;https:\/\/dachkult.de\/avantgarde.html&#8221;][vc_empty_space height=&#8221;30px&#8221;][\/vc_column][\/vc_row][vc_row type=&#8221;1&#8243; bg_color=&#8221;#ffffff&#8221; css=&#8221;.vc_custom_1539173569703{background-color: #ef9f96 !important;}&#8221;][vc_column css=&#8221;.vc_custom_1539172802308{background-color: #ef9f96 !important;}&#8221;][vc_column_text css=&#8221;.vc_custom_1588597294315{padding-right: 15px !important;padding-left: 15px !important;}&#8221;]\/\/ STEILDACH IST KULTUR<\/p>\n<p>Steild\u00e4cher haben neben technischen, funktionalen und rationalen Nutzenvorteilen eine kulturelle Dimension. Diese ist gepr\u00e4gt von regionalen Klimaverh\u00e4ltnissen, lokalen Rohstoffvorkommen, von Traditionen und regionaler Baukultur. Auch die Entwicklung der seit einigen Jahren sp\u00fcrbaren Verschmelzung von Dach und Fassade zu einer gestalterischen Einheit \u2013 das Dach als 5. Fassade \u2013 ist interessant. Im Zusammenwirken von Kontext und Konzept, Funktion und Form, Materialit\u00e4t und Detail, Licht und Raum entsteht Architektur als eigenst\u00e4ndige kulturelle Leistung. Wir wollen eine neue Faszination f\u00fcr das Steildach im Neubau und in der Sanierung erzeugen und die \u00d6ffentlichkeit zur Diskussion anregen.[\/vc_column_text][vc_empty_space height=&#8221;50px&#8221;][\/vc_column][\/vc_row][vc_row type=&#8221;1&#8243; bg_color=&#8221;#ffffff&#8221; css=&#8221;.vc_custom_1539173575956{background-color: #b4b5ca !important;}&#8221;][vc_column css=&#8221;.vc_custom_1539172857021{background-color: #b4b5ca !important;}&#8221;][vc_column_text css=&#8221;.vc_custom_1539174971769{padding-right: 15px !important;padding-left: 15px !important;}&#8221;]<\/p>\n<h2>\/\/ STEILDACH IST AVANTGARDE<\/h2>\n<p>Das Dach als eines der pr\u00e4gendsten Elemente in der Architektur ist weit mehr als reiner Witterungsschutz. D\u00e4cher als gestalterische Bestandteile des architektonischen Entwurfs k\u00f6nnen ganze Landschaften formen, im Einklang und Diskurs mit der Umgebung sein und gestaltpr\u00e4gende Statements setzen.[\/vc_column_text][vc_empty_space height=&#8221;50px&#8221;][\/vc_column][\/vc_row][vc_row type=&#8221;1&#8243; bg_color=&#8221;#ffffff&#8221; css=&#8221;.vc_custom_1539173586737{background-color: #d6d0b0 !important;}&#8221;][vc_column css=&#8221;.vc_custom_1539172906615{background-color: #f7eb89 !important;}&#8221;][vc_column_text css=&#8221;.vc_custom_1539174984039{padding-right: 15px !important;padding-left: 15px !important;}&#8221;]<\/p>\n<h2>\/\/ STEILDACH IST RAUM<\/h2>\n<p>Die Initiative will das Steildach neu und intensiv als modernes Element der Baukultur in der Bau-Landschaft etablieren. Die Begeisterung f\u00fcr das Steildach in seinen vielf\u00e4ltigen, regionalen und landschaftspr\u00e4genden Details soll neu entfacht werden. Eingefahrene Vorstellungen und Klischees zum Steildach sollen aufge-brochen und so zum Perspektivwechsel eingeladen werden. Gerade die Schaffung von au\u00dfergew\u00f6hnlichen R\u00e4umen durch Steild\u00e4cher, die besondere Raumatmosph\u00e4re im geneigten Dach kann in der Architektur eine beeindruckende Wirkung entfalten und \u00f6ffnet eine neue Gestaltungsvielfalt.[\/vc_column_text][vc_empty_space height=&#8221;50px&#8221;][\/vc_column][\/vc_row][vc_row type=&#8221;1&#8243; bg_color=&#8221;#ffffff&#8221; css=&#8221;.vc_custom_1539173593973{background-color: #d6d0b0 !important;}&#8221;][vc_column css=&#8221;.vc_custom_1539172936806{background-color: #add6d0 !important;}&#8221;][vc_column_text css=&#8221;.vc_custom_1539174994185{padding-right: 15px !important;padding-left: 15px !important;}&#8221;]<\/p>\n<h2>\/\/ STEILDACH IST UMWELT<\/h2>\n<p>Im Zusammenspiel von Sonne, Licht und Vegetation bergen Steild\u00e4cher ein gro\u00dfes Potenzial, die Welt ein bisschen nachhaltiger zu gestalten. Bisher ungenutzte oder neu entworfene Dachfl\u00e4chen bieten vielf\u00e4ltige M\u00f6glichkeiten, zumindest einen Teil der Energiegewinnung auf das Dach zu verlegen.[\/vc_column_text][vc_empty_space height=&#8221;50px&#8221;][\/vc_column][\/vc_row][vc_row type=&#8221;1&#8243; bg_color=&#8221;#ffffff&#8221; css=&#8221;.vc_custom_1539173599832{background-color: #d6d0b0 !important;}&#8221;][vc_column css=&#8221;.vc_custom_1539176962204{background-color: #ffffff !important;}&#8221;][vc_empty_space height=&#8221;30px&#8221;][vc_column_text css=&#8221;.vc_custom_1539175000940{padding-right: 15px !important;padding-left: 15px !important;}&#8221;]<strong>\/\/ WEITERE INFORMATIONEN ZUR<\/strong><a href=\"https:\/\/dachkult.de\/\"><strong><span style=\"color: #000000;\"> INITIATIVE DACHKULT<\/span><\/strong><\/a>[\/vc_column_text][\/vc_column][\/vc_row]<\/p>","protected":false},"excerpt":{"rendered":"<p>[vc_row type=&#8221;1&#8243; margin_top=&#8221;-35px&#8221; bg_color=&#8221;#ffffff&#8221; css=&#8221;.vc_custom_1557490604470{background-color: #a7a7a5 !important;}&#8221;][vc_column css=&#8221;.vc_custom_1539174678883{background-color: #ffffff !important;}&#8221;][vc_column_text] Sch\u00f6n steil: Dachkult \u2013 die Initiative pro Steildach [\/vc_column_text][vc_empty_space height=&#8221;20px&#8221;][vc_column_text]Dachkult ist eine Plattform der Initiative Pro Steildach. In der Initiative arbeiten 17 f\u00fchrende Hersteller der deutschen und internationalen Baustoffindustrie (Mittelstand und Konzerne) zusammen mit einem gemeinsamen Interesse f\u00fcr Handwerk und Handel im Bedachungsmarkt. Die Initiative&hellip;<\/p>\n","protected":false},"author":2,"featured_media":0,"parent":0,"menu_order":0,"comment_status":"closed","ping_status":"closed","template":"","meta":[],"acf":[],"yoast_head":"<!-- This site is optimized with the Yoast SEO Premium plugin v15.5 - https:\/\/yoast.com\/wordpress\/plugins\/seo\/ -->\n<title>Sch\u00f6n Steil: Dachkult \u2013 eine Plattform der Initiative Pro Steildach<\/title>\n<meta name=\"description\" content=\"Die Initiative will das Steildach neu und intensiv als modernes Element der Baukultur etablieren. Eingefahrene Klischees zum Steildach sollen aufgebrochen.\" \/>\n<meta name=\"robots\" content=\"index, follow, max-snippet:-1, max-image-preview:large, max-video-preview:-1\" \/>\n<link rel=\"canonical\" href=\"https:\/\/www.laumans.de\/de\/dachkult\/\" \/>\n<meta property=\"og:locale\" content=\"de_DE\" \/>\n<meta property=\"og:type\" content=\"article\" \/>\n<meta property=\"og:title\" content=\"Sch\u00f6n Steil: Dachkult \u2013 eine Plattform der Initiative Pro Steildach\" \/>\n<meta property=\"og:description\" content=\"Die Initiative will das Steildach neu und intensiv als modernes Element der Baukultur etablieren. Eingefahrene Klischees zum Steildach sollen aufgebrochen.\" \/>\n<meta property=\"og:url\" content=\"https:\/\/www.laumans.de\/de\/dachkult\/\" \/>\n<meta property=\"og:site_name\" content=\"Laumans GmbH &amp; Co KG, Br\u00fcggen\" \/>\n<meta property=\"article:publisher\" content=\"https:\/\/www.facebook.com\/laumans\/\" \/>\n<meta property=\"article:modified_time\" content=\"2021-04-22T10:47:50+00:00\" \/>\n<meta name=\"twitter:card\" content=\"summary\" \/>\n<meta name=\"twitter:label1\" content=\"Gesch\u00e4tzte Lesezeit\">\n\t<meta name=\"twitter:data1\" content=\"3 Minuten\">\n<script type=\"application\/ld+json\" class=\"yoast-schema-graph\">{\"@context\":\"https:\/\/schema.org\",\"@graph\":[{\"@type\":\"Organization\",\"@id\":\"https:\/\/www.laumans.de\/de\/#organization\",\"name\":\"Gebr. Laumans GmbH & Co. KG Ziegelwerke\",\"url\":\"https:\/\/www.laumans.de\/de\/\",\"sameAs\":[\"https:\/\/www.facebook.com\/laumans\/\",\"https:\/\/www.instagram.com\/laumansdachziegel\/\",\"https:\/\/www.youtube.com\/channel\/UCIxuL2XT3lmpV4DOKZdtcCg\",\"https:\/\/www.pinterest.de\/laumansdachziegel\/\",\"https:\/\/de.wikipedia.org\/wiki\/Gebr._Laumans_Ziegelwerke\"],\"logo\":{\"@type\":\"ImageObject\",\"@id\":\"https:\/\/www.laumans.de\/de\/#logo\",\"inLanguage\":\"de-DE\",\"url\":\"https:\/\/www.laumans.de\/wp-content\/uploads\/2019\/01\/Laumans_Logotype_350px.png\",\"width\":730,\"height\":158,\"caption\":\"Gebr. Laumans GmbH & Co. KG Ziegelwerke\"},\"image\":{\"@id\":\"https:\/\/www.laumans.de\/de\/#logo\"}},{\"@type\":\"WebSite\",\"@id\":\"https:\/\/www.laumans.de\/de\/#website\",\"url\":\"https:\/\/www.laumans.de\/de\/\",\"name\":\"Laumans GmbH &amp; Co KG, Br\\u00fcggen\",\"description\":\"Premium Dachziegel seit 1896\",\"publisher\":{\"@id\":\"https:\/\/www.laumans.de\/de\/#organization\"},\"potentialAction\":[{\"@type\":\"SearchAction\",\"target\":\"https:\/\/www.laumans.de\/de\/?s={search_term_string}\",\"query-input\":\"required name=search_term_string\"}],\"inLanguage\":\"de-DE\"},{\"@type\":\"WebPage\",\"@id\":\"https:\/\/www.laumans.de\/de\/dachkult\/#webpage\",\"url\":\"https:\/\/www.laumans.de\/de\/dachkult\/\",\"name\":\"Sch\\u00f6n Steil: Dachkult \\u2013 eine Plattform der Initiative Pro Steildach\",\"isPartOf\":{\"@id\":\"https:\/\/www.laumans.de\/de\/#website\"},\"datePublished\":\"2018-10-10T11:52:05+00:00\",\"dateModified\":\"2021-04-22T10:47:50+00:00\",\"description\":\"Die Initiative will das Steildach neu und intensiv als modernes Element der Baukultur etablieren. Eingefahrene Klischees zum Steildach sollen aufgebrochen.\",\"inLanguage\":\"de-DE\",\"potentialAction\":[{\"@type\":\"ReadAction\",\"target\":[\"https:\/\/www.laumans.de\/de\/dachkult\/\"]}]}]}<\/script>\n<!-- \/ Yoast SEO Premium plugin. -->","_links":{"self":[{"href":"https:\/\/www.laumans.de\/de\/wp-json\/wp\/v2\/pages\/54037"}],"collection":[{"href":"https:\/\/www.laumans.de\/de\/wp-json\/wp\/v2\/pages"}],"about":[{"href":"https:\/\/www.laumans.de\/de\/wp-json\/wp\/v2\/types\/page"}],"author":[{"embeddable":true,"href":"https:\/\/www.laumans.de\/de\/wp-json\/wp\/v2\/users\/2"}],"replies":[{"embeddable":true,"href":"https:\/\/www.laumans.de\/de\/wp-json\/wp\/v2\/comments?post=54037"}],"version-history":[{"count":28,"href":"https:\/\/www.laumans.de\/de\/wp-json\/wp\/v2\/pages\/54037\/revisions"}],"predecessor-version":[{"id":65407,"href":"https:\/\/www.laumans.de\/de\/wp-json\/wp\/v2\/pages\/54037\/revisions\/65407"}],"wp:attachment":[{"href":"https:\/\/www.laumans.de\/de\/wp-json\/wp\/v2\/media?parent=54037"}],"curies":[{"name":"wp","href":"https:\/\/api.w.org\/{rel}","templated":true}]}}

<p>[vc_row type=&#8221;1&#8243; margin_top=&#8221;-35px&#8221; bg_color=&#8221;#ffffff&#8221; css=&#8221;.vc_custom_1557490604470{background-color: #a7a7a5 !important;}&#8221;][vc_column css=&#8221;.vc_custom_1539174678883{background-color: #ffffff !important;}&#8221;][vc_column_text]</p>
<h1>Schön steil: Dachkult – die Initiative pro Steildach</h1>
<p>[/vc_column_text][vc_empty_space height=&#8221;20px&#8221;][vc_column_text]Dachkult ist eine Plattform der Initiative Pro Steildach. In der Initiative arbeiten 17 führende Hersteller der deutschen und internationalen Baustoffindustrie (Mittelstand und Konzerne) zusammen mit einem gemeinsamen Interesse für Handwerk und Handel im Bedachungsmarkt. Die Initiative richtet sich an Planer und Architekten, professionelle Bauherren wie Bauträger und Fertighaushersteller, private Bauherren und Kommunen sowie Hochschulen und Universitäten mit der Fachrichtung Architektur und Bauingenieurswesen.[/vc_column_text][vc_empty_space height=&#8221;30px&#8221;][vc_single_image image=&#8221;54058&#8243; img_size=&#8221;full&#8221; onclick=&#8221;custom_link&#8221; img_link_target=&#8221;_blank&#8221; link=&#8221;https://dachkult.de/avantgarde.html&#8221;][vc_empty_space height=&#8221;30px&#8221;][/vc_column][/vc_row][vc_row type=&#8221;1&#8243; bg_color=&#8221;#ffffff&#8221; css=&#8221;.vc_custom_1539173569703{background-color: #ef9f96 !important;}&#8221;][vc_column css=&#8221;.vc_custom_1539172802308{background-color: #ef9f96 !important;}&#8221;][vc_column_text css=&#8221;.vc_custom_1588597294315{padding-right: 15px !important;padding-left: 15px !important;}&#8221;]// STEILDACH IST KULTUR</p>
<p>Steildächer haben neben technischen, funktionalen und rationalen Nutzenvorteilen eine kulturelle Dimension. Diese ist geprägt von regionalen Klimaverhältnissen, lokalen Rohstoffvorkommen, von Traditionen und regionaler Baukultur. Auch die Entwicklung der seit einigen Jahren spürbaren Verschmelzung von Dach und Fassade zu einer gestalterischen Einheit – das Dach als 5. Fassade – ist interessant. Im Zusammenwirken von Kontext und Konzept, Funktion und Form, Materialität und Detail, Licht und Raum entsteht Architektur als eigenständige kulturelle Leistung. Wir wollen eine neue Faszination für das Steildach im Neubau und in der Sanierung erzeugen und die Öffentlichkeit zur Diskussion anregen.[/vc_column_text][vc_empty_space height=&#8221;50px&#8221;][/vc_column][/vc_row][vc_row type=&#8221;1&#8243; bg_color=&#8221;#ffffff&#8221; css=&#8221;.vc_custom_1539173575956{background-color: #b4b5ca !important;}&#8221;][vc_column css=&#8221;.vc_custom_1539172857021{background-color: #b4b5ca !important;}&#8221;][vc_column_text css=&#8221;.vc_custom_1539174971769{padding-right: 15px !important;padding-left: 15px !important;}&#8221;]</p>
<h2>// STEILDACH IST AVANTGARDE</h2>
<p>Das Dach als eines der prägendsten Elemente in der Architektur ist weit mehr als reiner Witterungsschutz. Dächer als gestalterische Bestandteile des architektonischen Entwurfs können ganze Landschaften formen, im Einklang und Diskurs mit der Umgebung sein und gestaltprägende Statements setzen.[/vc_column_text][vc_empty_space height=&#8221;50px&#8221;][/vc_column][/vc_row][vc_row type=&#8221;1&#8243; bg_color=&#8221;#ffffff&#8221; css=&#8221;.vc_custom_1539173586737{background-color: #d6d0b0 !important;}&#8221;][vc_column css=&#8221;.vc_custom_1539172906615{background-color: #f7eb89 !important;}&#8221;][vc_column_text css=&#8221;.vc_custom_1539174984039{padding-right: 15px !important;padding-left: 15px !important;}&#8221;]</p>
<h2>// STEILDACH IST RAUM</h2>
<p>Die Initiative will das Steildach neu und intensiv als modernes Element der Baukultur in der Bau-Landschaft etablieren. Die Begeisterung für das Steildach in seinen vielfältigen, regionalen und landschaftsprägenden Details soll neu entfacht werden. Eingefahrene Vorstellungen und Klischees zum Steildach sollen aufge-brochen und so zum Perspektivwechsel eingeladen werden. Gerade die Schaffung von außergewöhnlichen Räumen durch Steildächer, die besondere Raumatmosphäre im geneigten Dach kann in der Architektur eine beeindruckende Wirkung entfalten und öffnet eine neue Gestaltungsvielfalt.[/vc_column_text][vc_empty_space height=&#8221;50px&#8221;][/vc_column][/vc_row][vc_row type=&#8221;1&#8243; bg_color=&#8221;#ffffff&#8221; css=&#8221;.vc_custom_1539173593973{background-color: #d6d0b0 !important;}&#8221;][vc_column css=&#8221;.vc_custom_1539172936806{background-color: #add6d0 !important;}&#8221;][vc_column_text css=&#8221;.vc_custom_1539174994185{padding-right: 15px !important;padding-left: 15px !important;}&#8221;]</p>
<h2>// STEILDACH IST UMWELT</h2>
<p>Im Zusammenspiel von Sonne, Licht und Vegetation bergen Steildächer ein großes Potenzial, die Welt ein bisschen nachhaltiger zu gestalten. Bisher ungenutzte oder neu entworfene Dachflächen bieten vielfältige Möglichkeiten, zumindest einen Teil der Energiegewinnung auf das Dach zu verlegen.[/vc_column_text][vc_empty_space height=&#8221;50px&#8221;][/vc_column][/vc_row][vc_row type=&#8221;1&#8243; bg_color=&#8221;#ffffff&#8221; css=&#8221;.vc_custom_1539173599832{background-color: #d6d0b0 !important;}&#8221;][vc_column css=&#8221;.vc_custom_1539176962204{background-color: #ffffff !important;}&#8221;][vc_empty_space height=&#8221;30px&#8221;][vc_column_text css=&#8221;.vc_custom_1539175000940{padding-right: 15px !important;padding-left: 15px !important;}&#8221;]<strong>// WEITERE INFORMATIONEN ZUR</strong><a href="https://dachkult.de/"><strong><span style="color: #000000;"> INITIATIVE DACHKULT</span></strong></a>[/vc_column_text][/vc_column][/vc_row]</p>

<p>[vc_row type=&#8221;1&#8243; margin_top=&#8221;-35px&#8221; bg_color=&#8221;#ffffff&#8221; css=&#8221;.vc_custom_1557490604470{background-color: #a7a7a5 !important;}&#8221;][vc_column css=&#8221;.vc_custom_1539174678883{background-color: #ffffff !important;}&#8221;][vc_column_text] Schön steil: Dachkult – die Initiative pro Steildach [/vc_column_text][vc_empty_space height=&#8221;20px&#8221;][vc_column_text]Dachkult ist eine Plattform der Initiative Pro Steildach. In der Initiative arbeiten 17 führende Hersteller der deutschen und internationalen Baustoffindustrie (Mittelstand und Konzerne) zusammen mit einem gemeinsamen Interesse für Handwerk und Handel im Bedachungsmarkt. Die Initiative&hellip;</p>

<!-- This site is optimized with the Yoast SEO Premium plugin v15.5 - https://yoast.com/wordpress/plugins/seo/ -->
<title>Schön Steil: Dachkult – eine Plattform der Initiative Pro Steildach</title>
<meta name="description" content="Die Initiative will das Steildach neu und intensiv als modernes Element der Baukultur etablieren. Eingefahrene Klischees zum Steildach sollen aufgebrochen." />
<meta name="robots" content="index, follow, max-snippet:-1, max-image-preview:large, max-video-preview:-1" />
<link rel="canonical" href="https://www.laumans.de/de/dachkult/" />
<meta property="og:locale" content="de_DE" />
<meta property="og:type" content="article" />
<meta property="og:title" content="Schön Steil: Dachkult – eine Plattform der Initiative Pro Steildach" />
<meta property="og:description" content="Die Initiative will das Steildach neu und intensiv als modernes Element der Baukultur etablieren. Eingefahrene Klischees zum Steildach sollen aufgebrochen." />
<meta property="og:url" content="https://www.laumans.de/de/dachkult/" />
<meta property="og:site_name" content="Laumans GmbH &amp; Co KG, Brüggen" />
<meta property="article:publisher" content="https://www.facebook.com/laumans/" />
<meta property="article:modified_time" content="2021-04-22T10:47:50+00:00" />
<meta name="twitter:card" content="summary" />
<meta name="twitter:label1" content="Geschätzte Lesezeit">
	<meta name="twitter:data1" content="3 Minuten">
<script type="application/ld+json" class="yoast-schema-graph">{"@context":"https://schema.org","@graph":[{"@type":"Organization","@id":"https://www.laumans.de/de/#organization","name":"Gebr. Laumans GmbH & Co. KG Ziegelwerke","url":"https://www.laumans.de/de/","sameAs":["https://www.facebook.com/laumans/","https://www.instagram.com/laumansdachziegel/","https://www.youtube.com/channel/UCIxuL2XT3lmpV4DOKZdtcCg","https://www.pinterest.de/laumansdachziegel/","https://de.wikipedia.org/wiki/Gebr._Laumans_Ziegelwerke"],"logo":{"@type":"ImageObject","@id":"https://www.laumans.de/de/#logo","inLanguage":"de-DE","url":"https://www.laumans.de/wp-content/uploads/2019/01/Laumans_Logotype_350px.png","width":730,"height":158,"caption":"Gebr. Laumans GmbH & Co. KG Ziegelwerke"},"image":{"@id":"https://www.laumans.de/de/#logo"}},{"@type":"WebSite","@id":"https://www.laumans.de/de/#website","url":"https://www.laumans.de/de/","name":"Laumans GmbH &amp; Co KG, Br\u00fcggen","description":"Premium Dachziegel seit 1896","publisher":{"@id":"https://www.laumans.de/de/#organization"},"potentialAction":[{"@type":"SearchAction","target":"https://www.laumans.de/de/?s={search_term_string}","query-input":"required name=search_term_string"}],"inLanguage":"de-DE"},{"@type":"WebPage","@id":"https://www.laumans.de/de/dachkult/#webpage","url":"https://www.laumans.de/de/dachkult/","name":"Sch\u00f6n Steil: Dachkult \u2013 eine Plattform der Initiative Pro Steildach","isPartOf":{"@id":"https://www.laumans.de/de/#website"},"datePublished":"2018-10-10T11:52:05+00:00","dateModified":"2021-04-22T10:47:50+00:00","description":"Die Initiative will das Steildach neu und intensiv als modernes Element der Baukultur etablieren. Eingefahrene Klischees zum Steildach sollen aufgebrochen.","inLanguage":"de-DE","potentialAction":[{"@type":"ReadAction","target":["https://www.laumans.de/de/dachkult/"]}]}]}</script>
<!-- / Yoast SEO Premium plugin. -->
